*s - 5 = 65*s. Let m be (-2)/7 + (-21340)/(-14). Suppose -m = c - s*c. Is c prime?
False
Let f(s) = 2064*s**2 - 7*s + 6. Is f(1) composite?
False
Let a = 22 - 28. Let v be (24/(-28))/(a/28). Suppose 0 = -3*r + m + 2554, -4*r + v*m + 2125 = -1267. Is r a prime number?
True
Let g(j) = 384*j**2 - 30*j + 121. Is g(4) a composite number?
True
Let a(t) = 17*t**2 + 26*t - 20. Is a(9) a prime number?
False
Suppose 4*w + 371 = -1645. Let b = 841 + w. Is b prime?
True
Let q(a) = -133*a + 29. Is q(-5) a prime number?
False
Let p(c) = 9 - 2*c - 1 + 2*c - 2*c. Let z be p(-6). Suppose g = 169 - z. Is g a composite number?
False
Let g be 6 - (-6 - -7)/((-1)/(-3)). Is (g - -2) + 227 + -9 prime?
True
Suppose 7*d - 8*d + 63 = 4*w, -2*w = 3*d - 229. Is d composite?
False
Suppose 20*v - 2*j + 136074 = 24*v, -3*v - 2*j = -102055. Is v a prime number?
True
Suppose -4*h + 4 = -8*h. Is 3885/4 + h*(-1)/(-4) a prime number?
True
Suppose 4*f - 1646 = 1302. Is f prime?
False
Let h(g) = 2*g**2 + 15*g. Let f = 14 - 21. Let o be h(f). Is (-4)/(-14) - 341/o a composite number?
True
Let v = 53591 - 28270. Is v a prime number?
True
Let d = 470 + 1150. Suppose 613 + 196 = t + v, -d = -2*t - 3*v. Is t composite?
True
Let c = -1 + 4. Suppose 4*g + 0*g - 5*a + 13 = 0, 4*g = 3*a - c. Suppose 5*x + y = 26, g*x - y + 2 = 4*x. Is x prime?
False
Let b(q) = 771*q - 33. Let n = 82 - 76. Is b(n) composite?
True
Let r(a) = -2*a**3 + 6*a + 8. Let h be r(-2). Is h/8*4456/4 a prime number?
False
Suppose -6*v + 3816 = -0*v. Let q = v - 319. Is q a composite number?
False
Let x(c) = c**3 - 9*c**2 + c - 6. Let g be x(9). Suppose -2*u = u - 30. Let h = g + u. Is h prime?
True
Suppose 0 = -3*f + 12*f - 81855. Suppose -6*h = -h - f. Is h prime?
False
Is 115542/48 - 6/48 a prime number?
False
Let u = 0 + 0. Suppose u = t - 10 - 12. Is t composite?
True
Suppose -3*d = 2 + 4. Is (1 - d) + 85 + -1 composite?
True
Let p be -1*(-4 + -1185) - 1. Let j = 2095 - p. Is j composite?
False
Let n be 1*88/(-4)*-4. Let t = 93 + n. Is t a prime number?
True
Let h(g) = 4*g**2 - 58*g + 749. Is h(-58) composite?
False
Let x(u) be the second derivative of -u**3 + u**2/2 + 4*u. Let p(b) = -b**3 - 4*b**2 - 3*b - 3. Let o be p(-3). Is x(o) prime?
True
Is 3030 + ((-4)/6 - (-15)/(-45)) prime?
False
Suppose 0 = -4*s + 26 - 2. Suppose b + b = s. Suppose 0 = -3*w - 4*t + 1331, -3*w + 0*w = b*t - 1332. Is w a composite number?
True
Suppose -2 = 5*r - 7*r. Let j(t) = 27*t**2 + t - r - 9*t**2 + 11*t**2 + 17*t**2. Is j(1) a prime number?
False
Let c be (-2)/(-9) - 3211/(-171). Suppose 730 = 3*b - u, -3*u + c - 4 = 0. Is b + 3 - (-4 + 1) composite?
False
Let o(g) be the first derivative of -g**6/360 - 17*g**5/120 - 5*g**4/24 - 5*g**3/3 - 4. Let p(v) be the third derivative of o(v). Is p(-14) composite?
False
Suppose 5*d - 300 = -3*i + 127, -3*i + 455 = -2*d. Is i prime?
True
Suppose 5*a - 224879 = 3*v, 4*a - 134925 = a + 3*v. Is a a composite number?
True
Suppose -3*c + 9 = 0, 3*n + c - 3*c = 75. Let s = n + -39. Is (-1 - s)/((-2)/(-6)) a prime number?
False
Suppose -6703 = -6*v + 3143. Is v a composite number?
True
Suppose -2*b = 3*t - 4*b - 6619, 3*b + 6624 = 3*t. Is t composite?
False
Suppose -77 = -2*a + 135. Let b = a + 525. Is b prime?
True
Let q = 1777 - 505. Suppose -q - 604 = -4*u. Is u a composite number?
True
Let a(i) = 2*i + 28. Let s be a(-13). Suppose -r + 3*r = -n + 249, -s*n + 508 = -r. Is n a composite number?
True
Let r = -6694 - -14687. Is r a composite number?
False
Suppose 4*n = -3*r - 0*r + 2, 2*r + 5*n = -1. Suppose -t + 4*d - 4 - 2 = 0, -4*t + 12 = r*d. Is ((-55)/(-44))/(t/152) a prime number?
False
Let t(x) = -x**3 - 8*x**2 - 4*x - 7. Let a be t(-7). Let r be (-2)/(-11) + a/154. Suppose 4*k + k - 610 = r. Is k composite?
True
Let j be ((-6)/(-10))/(5/25). Suppose -105 = -j*m + 570. Suppose -c = c - 2*y - 418, -c + 5*y = -m. Is c a prime number?
False
Suppose 4*o - 12672 = -3*z, 4*o = 3*z + 2*o - 12654. Let h = z + -2403. Is h composite?
True
Let u = -970 + 673. Let c = u + 420. Is c/2*(-98)/(-21) prime?
False
Is 12/14 - (-327080)/35 a composite number?
True
Suppose 2*v + 3*l - 1393 = 0, 2*v = 3*l + 1627 - 216. Is v a prime number?
True
Suppose 0 = x + l + 19, -x - 4*l - 3 - 31 = 0. Let c(p) = -2*p - 11*p + 13 - 10. Is c(x) prime?
False
Suppose -14*y = -6*y - 10888. Suppose 4*d - y = 3*d. Is d prime?
True
Suppose -97*f + 107*f - 306310 = 0. Is f a prime number?
True
Let c(g) = g**2 + 11*g - 4. Let h be c(-11). Let i = h - 0. Is (i/6)/((-4)/678) composite?
False
Let d = 1076 + 4563. Is d composite?
False
Suppose 4445 = 9*c - 31042. Is c composite?
False
Let q(p) = p**2 - p - 11. Let s be q(-12). Suppose 2*h - h - s = 0. Is h a composite number?
True
Let z(b) = b**2 + 10*b + 12. Let s be z(-9). Suppose -s*w + 16 = -k, 7*k = -2*w + 3*k + 6. Suppose w*i = 4*n + 4*i - 236, -n + 78 = -5*i. Is n a prime number?
False
Suppose -13497 = -5*j + 7613. Suppose -11*t + j = -9*t + 3*k, 2*k = -5*t + 10555. Is t a composite number?
False
Suppose -4*u + 1704 = -2316. Suppose -u + 198 = -3*o. Is o a prime number?
True
Suppose z = -2 - 4. Let w(f) = -f**3 - 4*f**2 - 2*f - 7. Is w(z) composite?
True
Is -2 + 3/(18/23370) a prime number?
False
Let g(y) be the first derivative of -y**3/3 + 3*y**2 + 15*y - 9. Let n be g(7). Let f(z) = 116*z + 23. Is f(n) composite?
True
Let i be 2/8 + 86055/20. Suppose 2*l = 983 + i. Is l a prime number?
False
Let m(w) = -2*w - 12. Let a be m(-7). Suppose -5*u - 1238 = -2*h - a*u, 2*h + 5*u = 1254. Let q = h + -413. Is q prime?
False
Let j(n) = n**3 + 4*n**2 - 4*n + 10. Let g be j(-5). Suppose -g*w = -w - 2164. Is w a composite number?
False
Is 6/2 - (-102 - 7954) a composite number?
False
Suppose 2*s + 3 = 4*x + 5*s, -5*s - 27 = -4*x. Suppose -2*m = -0*m - 4*u - 8734, 5*m = -x*u + 21900. Is m a composite number?
True
Let i be 1/(-2) - (-9)/2. Suppose -4*g + 5*y = 9, -4*g - i*y + 27 + 9 = 0. Suppose 3*x - 1046 = v, g*v = 3*x - x - 714. Is x composite?
False
Suppose p = -3*q + 49339, -4*p + 3*p = -q + 16449. Is q composite?
False
Let r = -13866 + 21719. Is r prime?
True
Suppose 4*b = -2*s + 2862, -3*b + 2*s + 2066 = -84. Suppose -5*w + 569 = -b. Is w a composite number?
False
Let v be 6/15 + (-52)/(-20). Let b be (-1)/(v/(-24)*2). Suppose l = 2*r - 0*l - 65, -b*r - l = -145. Is r a composite number?
True
Let v = -1 + 204. Is v a composite number?
True
Suppose 4*b - 3*a - 463 = 0, b + a - 121 = -0*a. Let v = 329 - b. Is v composite?
False
Let j(g) = -g**3 - 18*g**2 + 10*g - 3. Let t(k) = -2*k**2 - 14 - k**2 - k**3 - 16*k**2 + 11*k + 10. Let s(h) = -6*j(h) + 5*t(h). Is s(-11) composite?
True
Suppose 0 = 35*n + 4483 - 13688. Is n composite?
False
Let o be (-3)/6*8/(-10)*10. Suppose -o*v = -2 - 6, -3*v - 7711 = -x. Is x prime?
True
Suppose -2*y = -4*i - 13988 + 113226, -2*i = -4*y - 49622. Is i composite?
False
Let g(s) = -s**3 + 4*s**2 + 11*s + 17. Let d be (-4)/(-14) - (-150)/14. Let h be 2/d - (-948)/(-132). Is g(h) a composite number?
False
Let l be (((-20560)/15)/8)/((-1)/21). Suppose b = 8*b - l. Is b a composite number?
True
Suppose -2*z + 8 = 2. Suppose f - z*i = 2, i = -3*i - 16. Is (-2230)/f - (1 + -1) composite?
False
Is 2*29599*((-297)/(-22) + -13) a composite number?
False
Let n(a) = a + 9. Let t be n(-8). Let k(h) = -4*h**3 + 2*h**2 - 1. Let y be k(t). Is ((-9)/y)/(6/254) composite?
False
Let s(h) be the second derivative of -4*h**3 + 11*h**2/2 + 4*h. Is s(-7) a composite number?
False
Let f(y) = -59*y - 57*y - 1 + 604*y**2 + 114*y. Is f(4) a composite number?
True
Suppose -4*a = -2*a - 7*a. Is (-835)/(-15)*(a - -15) a composite number?
True
Let i = 14 + -13. Is i*(2 - 7644/(-4)) prime?
True
Let x be (2536 + 18/6)/(2/(-4)). Is (18/(-36))/(1/x) prime?
True
Suppose 0 = 4*y - 8 - 8. Let k = 3 - y. Is k/3 + (-538)/(-3) prime?
True
Let z = -13020 - -22831. Is z prime?
True
Let f(j) = 3947*j + 42. Is f(1) a composite number?
False
Let d = -72 + 187. Is d a prime number?
False
Let s(g) = -3*g - 11. Let l be s(-5). Suppose 735 = 3*j + 2*r, -l*j = 5*r - 2*r - 979. Is j a prime number?
False
Suppose -327676 - 115634 = -30*d. Is d a prime number?
False
Let g = 16 + -12. Suppose 4*o - l + 139 = 0, -4*l - 85 = g*o + 59. Is (-1614)/(-10) - (-14)/o prime?
False
Suppose 5*p - 14 = -29. Let l(t) = -16